--
-- Host: localhost    Database: intranet
-- ------------------------------------------------------


--
-- Table structure for table `institucion`
--

CREATE TABLE `institucion` (
  `idInstitucion` int(2) NOT NULL default '0',
  `nombre` varchar(80) NOT NULL default ''
) ENGINE=MyISAM DEFAULT CHARSET=latin1;

--
-- Dumping data for table `institucion`
--


INSERT INTO `institucion` VALUES (2,'Intolerancia diario'),(1,'IDS'),(3,'CETE'),(4,'Asociación de Triatlón del Estado de Puebla'),(5,'Casa de Campaña Mario Marin'),(6,'Coordinacion Audiencias del Gobernador MMF'),(7,'Casa de Campaña Juan Pablo Jiménez'),(8,'Operadora Prissa'),(9,'Grupo Spot Gráficos'),(10,'Instituto Político Electoral'),(11,'Cereso Bar'),(12,'I.T.I.S.A.'),(13,'Bio Diagnostics'),(14,'Peregrina San Martín'),(15,'Providencia Cobertores'),(16,'Revista Explorar'),(17,'Oficina del Migrante'),(18,'Secretaria de Cultura'),(19,'Amigos de Enrique'),(20,'Instituto Poblano del Deporte'),(21,'Coordinación General de Atención Ciudadana'),(32,'Secretaría de Desarrollo Urbano, Ecología y Obras Públicas'),(31,'Secretaría de Comunicaciones y Transportes'),(30,'Secretaría de Desarrollo, Evaluación y Control de la Administraciòn Pública'),(29,'Secretaría de Desarrollo Rural'),(28,'Secretaría de Desarrollo Social'),(27,'Secretaría de Finanzas y Administración'),(26,'Secretaria de Desarrollo Economico'),(25,'Secretaria del Trabajo y Competitividad'),(24,'Secretaria de Educacion Publica'),(23,'Secretaria del Medio Ambiente y Recursos Naturales'),(22,'Secretaria de Gobernacion'),(33,'Servicios de Salud del Estado de Puebla'),(34,'Secretaría de Seguridad Pública'),(35,'SEP Agenda Sector'),(36,'Secretaria de Turismo'),(37,'Dir Comunicación Social'),(38,'Consejo de Ciencia y Tecnología del Estado de Puebla'),(39,'Maratón Puebla'),(40,'Instituto Poblano para la Productividad Competitiva'),(41,'Familia Fuerza del Futuro'),(42,'MazFilas Brasileiro'),(43,'Reto Galia Moss');

--
-- Table structure for table `intranetUsuario`
--

CREATE TABLE `intranetUsuario` (
  `idIntranet` int(2) NOT NULL default '0',
  `idUsuario` varchar(16) NOT NULL default '',
  `IdInstitucion` int(2) NOT NULL default '0',
  `baseDeDatos` varchar(30) NOT NULL default '',
  `privilegio` char(1) NOT NULL default ''
) ENGINE=MyISAM DEFAULT CHARSET=latin1;

--
-- Dumping data for table `intranetUsuario`
--


INSERT INTO `intranetUsuario` VALUES (4,'intolerancia',2,'intolerancia','1'),(3,'intolerancia',2,'intolerancia','1'),(2,'intolerancia',2,'intolerancia','1'),(1,'intolerancia',2,'intolerancia','1'),(4,'idscorp',1,'idscorp','1'),(1,'idscorp',1,'idscorp','1'),(2,'idscorp',1,'idscorp','1'),(5,'idscorp',2,'intolerancia','1'),(3,'idscorp',2,'intolerancia','1'),(3,'idscorp',1,'idscorp','1'),(5,'intolerancia',2,'intolerancia','1'),(6,'intolerancia',2,'intolerancia','1'),(4,'idscorp',2,'intolerancia','1'),(3,'triatleta',4,'triatleta','1'),(4,'triatleta',4,'triatleta','1'),(2,'triatleta',4,'triatleta','1'),(8,'idscorp',3,'cete','1'),(5,'triatleta',4,'triatleta','1'),(6,'triatleta',4,'triatleta','1'),(7,'intolerancia',2,'intolerancia','1'),(8,'cete',3,'cete','1'),(1,'cete',3,'cete','1'),(3,'mariomarin',5,'mariomarin','1'),(9,'mmf',6,'audiencias','1'),(5,'mariomarin',5,'mariomarin','1'),(3,'juanpablo',7,'juanpablo','1'),(5,'juanpablo',7,'juanpablo','1'),(3,'prissa',8,'prissa','1'),(5,'prissa',8,'prissa','1'),(10,'mariomarin',5,'mariomarin','1'),(3,'expoferresur',9,'expoferresur','1'),(5,'expoferresur',9,'expoferresur','1'),(11,'expoferresur',9,'expoferresur','1'),(3,'casamariomarin',5,'casamariomarin','1'),(3,'ipe',10,'ipe','1'),(3,'ceresobar',11,'ceresobar','1'),(3,'itisa',12,'itisa','1'),(3,'biodiagnostics',13,'biodiagnostics','1'),(3,'peregrinasm',14,'peregrina','1'),(12,'peregrinasm',14,'peregrina','1'),(3,'providencia',15,'providencia','1'),(3,'explorar',16,'explorar','1'),(5,'explorar',16,'explorar','1'),(6,'explorar',16,'explorar','1'),(3,'migrantes',17,'migrantes','1'),(3,'sc',18,'sc','1'),(3,'amigos',19,'aguera','1'),(10,'amigos',19,'aguera','1'),(5,'amigos',19,'aguera','1'),(6,'peregrinasm',14,'peregrina','1'),(3,'inpode',20,'inpode','1'),(3,'cgac',21,'cgac','1'),(3,'segob',22,'segob','1'),(3,'smrn',23,'smrn','1'),(3,'sep',24,'sep','1'),(3,'stc',25,'stc','1'),(3,'sedeco',26,'sedeco','1'),(3,'sfa',27,'sfa','1'),(3,'sds',28,'sds','1'),(3,'sdr',29,'sdr','1'),(3,'sedecap',30,'sedecap','1'),(3,'sct',31,'sct','1'),(3,'sedurbecop',32,'sedurbecop','1'),(3,'ssep',33,'ssep','1'),(3,'ssp',34,'ssp','1'),(3,'sepAgendaSector',35,'sepAgendaSector','1'),(3,'sectur',36,'sectur','1'),(10,'sep',24,'sep','1'),(10,'sepAgendaSector',35,'sepAgendaSector','1'),(4,'smrn',23,'smrn','1'),(3,'comunicacion',37,'mariomarin','1'),(4,'concytep',38,'concytep','1'),(10,'comunicacion',37,'mariomarin','1'),(3,'maraton',39,'maraton','1'),(3,'ippc',40,'ippc','1'),(12,'idscorp',1,'bdpruebas','1'),(3,'familia',41,'familia','1'),(5,'familia',41,'familia','1'),(3,'mazfilas',42,'mazfilas','1'),(6,'mazfilas',42,'mazfilas','1'),(3,'galiamoss',43,'retogaliamoss','1'),(5,'galiamoss',43,'retogaliamoss','1');

--
-- Table structure for table `intranets`
--

CREATE TABLE `intranets` (
  `id_intranet` int(2) unsigned zerofill NOT NULL auto_increment,
  `nombre` varchar(50) default NULL,
  PRIMARY KEY  (`id_intranet`)
) ENGINE=MyISAM DEFAULT CHARSET=latin1;

--
-- Dumping data for table `intranets`
--


INSERT INTO `intranets` VALUES (01,'Transferencia de archivos (Omnimedia)'),(02,'Sistema de Envío de Noticias y Correo Electrónico'),(03,'Sistema de admon. de noticias (Comunicación)'),(04,'Sistema de admon. de climas'),(05,'Sistema de admon. de Encuestas'),(06,'Sistema de Columnas de Opinión'),(07,'Sistema de Monitoreo Atmosférico'),(08,'Sistema de Web Learning'),(09,'Sistema de Directorio de Contactos'),(10,'Sistema de Agenda Electrónica'),(11,'Sistema de Admon. de Espacios'),(12,'Sistema de Inventarios');


